18b (base 12) in base 15?
11b
Convert -134 (base 12) to base 7.
-352
Convert -5 (base 13) to base 6.
-5
What is -1 (base 12) in base 3?
-1
Convert 2 (base 15) to base 14.
2
-2040 (base 5) to base 16
-10e
3 (base 4) to base 8
3
What is -10 (base 3) in base 2?
-11
115 (base 12) to base 11
137
What is 10 (base 2) in base 14?
2
Convert 0 (base 4) to base 9.
0
Convert -11 (base 2) to base 3.
-10
Convert 11 (base 7) to base 13.
8
Convert 4 (base 6) to base 2.
100
-111011 (base 2) to base 11
-54
What is 5 (base 8) in base 6?
5
Convert -3 (base 8) to base 5.
-3
What is -100 (base 2) in base 10?
-4
What is 110 (base 2) in base 10?
6
-2 (base 11) to base 5
-2
What is -11 (base 3) in base 5?
-4
16 (base 16) to base 5
42
-1000 (base 3) to base 4
-123
What is 14 (base 16) in base 7?
26
5 (base 6) to base 14
5
What is 6 (base 12) in base 8?
6
What is 33 (base 6) in base 10?
21
-133 (base 10) to base 13
-a3
Convert -1 (base 2) to base 10.
-1
110011 (base 2) to base 5
201
27 (base 12) to base 10
31
322 (base 4) to base 9
64
What is 1001011 (base 2) in base 16?
4b
What is 11 (base 2) in base 5?
3
What is 4 (base 14) in base 11?
4
1100 (base 2) to base 7
15
What is -10110 (base 2) in base 9?
-24
Convert 120 (base 5) to base 12.
2b
Convert 10 (base 3) to base 15.
3
What is -4 (base 7) in base 15?
-4
-121 (base 3) to base 10
-16
1424 (base 5) to base 12
17b
Convert 10 (base 7) to base 4.
13
148 (base 12) to base 16
c8
What is -4 (base 12) in base 9?
-4
11 (base 2) to base 5
3
Convert 27 (base 10) to base 16.
1b
What is -100 (base 5) in base 4?
-121
Convert -4b (base 14) to base 5.
-232
-10 (base 10) to base 12
-a
Convert 2 (base 13) to base 9.
2
-3 (base 5) to base 16
-3
Convert 1 (base 9) to base 8.
1
-24 (base 8) to base 10
-20
What is 8 (base 13) in base 16?
8
Convert 110 (base 5) to base 2.
11110
What is -18 (base 15) in base 8?
-27
-4 (base 15) to base 10
-4
-4 (base 13) to base 14
-4
Convert 10101 (base 2) to base 16.
15
-3 (base 14) to base 15
-3
4 (base 5) to base 6
4
What is 135 (base 10) in base 5?
1020
Convert 4 (base 11) to base 12.
4
What is 0 (base 5) in base 9?
0
Convert 10 (base 8) to base 14.
8
What is 7 (base 13) in base 15?
7
2 (base 9) to base 11
2
4 (base 13) to base 10
4
What is -73 (base 11) in base 13?
-62
-90 (base 12) to base 6
-300
What is -2 (base 4) in base 10?
-2
What is -52 (base 7) in base 9?
-41
What is 5 (base 15) in base 14?
5
Convert 5 (base 11) to base 7.
5
Convert 2 (base 14) to base 16.
2
Convert 13 (base 4) to base 8.
7
-44 (base 10) to base 7
-62
Convert 1 (base 3) to base 8.
1
1 (base 13) to base 8
1
What is -3 (base 11) in base 13?
-3
What is -106 (base 11) in base 9?
-151
3 (base 12) to base 5
3
What is -5 (base 8) in base 10?
-5
What is 0 (base 3) in base 9?
0
What is -10 (base 7) in base 14?
-7
4 (base 6) to base 11
4
a3 (base 15) to base 8
231
-42 (base 14) to base 15
-3d
Convert 24 (base 6) to base 14.
12
2 (base 15) to base 4
2
10 (base 3) to base 10
3
-5 (base 10) to base 4
-11
Convert 70 (base 10) to base 8.
106
-14 (base 5) to base 16
-9
Convert -10 (base 7) to base 10.
-7
Convert 28 (base 15) to base 11.
35
Convert -2 (base 12) to base 2.
-10
Convert 113 (base 5) to base 7.
45
12 (base 5) to base 3
21
What is 10001100 (base 2) in base 4?
2030
What is -20 (base 6) in base 7?
-15
Convert 51 (base 8) to base 4.
221
65 (base 15) to base 10
95
5 (base 6) to base 3
12
Convert 22 (base 4) to base 11.
a
Convert -29 (base 10) to base 14.
-21
-141 (base 5) to base 4
-232
452 (base 6) to base 13
107
Convert -3 (base 14) to base 6.
-3
What is 2 (base 13) in base 16?
2
3 (base 7) to base 5
3
What is 13b (base 12) in base 4?
2333
-15 (base 12) to base 15
-12
-3 (base 11) to base 6
-3
0 (base 13) to base 3
0
What is -2 (base 9) in base 13?
-2
What is 17 (base 15) in base 12?
1a
-67 (base 8) to base 16
-37
Convert -66 (base 8) to base 11.
-4a
What is -11111 (base 2) in base 16?
-1f
Convert -13 (base 4) to base 10.
-7
10300 (base 4) to base 11
257
1 (base 5) to base 9
1
Convert 1a (base 15) to base 13.
1c
5 (base 15) to base 8
5
What is -23 (base 11) in base 2?
-11001
What is 1a1 (base 12) in base 8?
411
-21120 (base 3) to base 6
-540
Convert a (base 11) to base 14.
a
What is -68 (base 12) in base 10?
-80
What is -1 (base 4) in base 6?
-1
8 (base 9) to base 13
8
-1000 (base 2) to base 9
-8
Convert -3 (base 10) to base 9.
-3
What is 1 (base 5) in base 9?
1
Convert 11002 (base 3) to base 12.
92
-10 (base 14) to base 12
-12
137 (base 12) to base 2
10111011
Convert 1 (base 16) to base 9.
1
What is 37 (base 15) in base 7?
103
What is -10102 (base 3) in base 5?
-332
Convert 124 (base 5) to base 13.
30
What is -1011100 (base 2) in base 5?
-332
Convert 1022 (base 6) to base 13.
149
What is -7 (base 9) in base 11?
-7
-3 (base 8) to base 10
-3
Convert 10 (base 7) to base 2.
111
What is 104 (base 8) in base 13?
53
Convert -3 (base 14) to base 6.
-3
Convert -2 (base 15) to base 9.
-2
Convert -7 (base 12) to base 9.
-7
What is -10011 (base 2) in base 12?
-17
Convert -101 (base 2) to base 14.
-5
What is c (base 16) in base 3?
110
What is 10 (base 4) in base 9?
4
What is 34 (base 8) in base 12?
24
0 (base 13) to base 5
0
Convert 2 (base 5) to base 13.
2
-2 (base 4) to base 12
-2
Convert -3 (base 13) to base 15.
-3
9 (base 13) to base 12
9
Convert 40 (base 9) to base 14.
28
Convert -12 (base 5) to base 2.
-111
5 (base 14) to base 4
11
Convert -9 (base 10) to base 16.
-9
What is -61 (base 7) in base 12?
-37
5 (base 6) to base 2
101
38 (base 9) to base 6
55
Convert 4 (base 13) to base 16.
4
What is -5 (base 10) in base 11?
-5
33 (base 6) to base 10
21
What is -5 (base 6) in base 2?
-101
What is -4 (base 13) in base 3?
-11
Convert -57 (base 16) to base 11.
-7a
What is -144 (base 10) in base 2?
-10010000
-5 (base 7) to base 3
-12
Convert -2 (base 4) to base 9.
-2
-29 (base 12) to base 10
-33
1 (base 12) to base 16
1
What is 3 (base 11) in base 15?
3
Convert -435 (base 7) to base 5.
-1342
What is -21 (base 3) in base 2?
-111
-312 (base 4) to base 10
-54
-117 (base 9) to base 15
-67
Convert 3 (base 12) to base 4.
3
Convert -4 (base 9) to base 13.
-4
What is -23 (base 7) in base 15?
-12
-102 (base 3) to base 11
-10
Convert -74 (base 11) to base 10.
-81
Convert -6 (base 9) to base 6.
-10
Convert -25 (base 13) to base 14.
-23
Convert -3 (base 8) to base 6.
-3
What is 660 (base 7) in base 9?
413
Convert 1 (base 8) to base 14.
1
Convert -247 (base 8) to base 16.
-a7
Convert 7 (base 10) to base 12.
7
42 (base 8) to base 14
26
12 (base 11) to base 15
d
What is -1 (base 15) in base 12?
-1
What is 211 (base 4) in base 11?
34
Convert -1200 (base 3) to base 10.
-45
Convert -15 (base 7) to base 10.
-12
-101 (base 2) to base 10
-5
Convert -50 (base 12) to base 13.
-48
What is -22 (base 6) in base 15?
-e
-15 (base 9) to base 10
-14
Convert -62 (base 12) to base 3.
-2202
Convert 1 (base 6) to base 8.
1
Convert 0 (base 6) to base 5.
0
What is -10 (base 3) in base 12?
-3
Convert 5 (base 8) to base 4.
11
Convert -a (base 15) to base 11.
-a
-2110 (base 3) to base 14
-4a
244 (base 6) to base 15
6a
What is 20210 (base 3) in base 15?
c3
10 (base 3) to base 4
3
Convert -181 (base 9) to base 11.
-130
What is 4 (base 15) in base 11?
4
What is 2 (base 14) in base 9?
2
-121 (base 3) to base 2
-10000
Convert -b (base 14) to base 6.
-15
What is 0 (base 9) in base 14?
0
-c9 (base 16) to base 12
-149
Convert 88 (base 15) to base 14.
92
Convert 11100 (base 2) to base 3.
1001
What is -15 (base 12) in base 16?
-11
What is -13 (base 6) in base 9?
-10
-1 (base 15) to base 6
-1
-3b (base 16) to base 4
-323
-20 (base 3) to base 13
-6
-102 (base 12) to base 16
-92
Convert 3 (base 9) to base 13.
3
What is 1 (base 12) in base 9?
1
Convert -1010100 (base 2) to base 10.
-84
Convert 2 (base 3) to base 8.
2
-1210 (base 3) to base 11
-44
Convert 32 (base 5) to base 2.
10001
Convert 1 (base 7) to base 13.
1
-1212 (base 3) to base 10
-50
Convert -2001 (base 3) to base 16.
-37
Convert 0 (base 5) to base 16.
0
-4 (base 12) to base 9
-4
Convert -10 (base 8) to base 5.
-13
Convert -2 (base 14) to base 3.
-2
Convert -7 (base 12) to base 8.
-7
What is 70 (base 12) in base 14?
60
-100 (base 4) to base 5
-31
What is 1 (base 5) in base 15?
1
Convert b (base 16) to base 4.
23
18 (base 14) to base 9
24